the remainder when 63150 is divided by 10523.
12
What is the remainder when 9161 is divided by 4579?
3
Calculate the remainder when 16631 is divided by 88.
87
Calculate the remainder when 33974 is divided by 8449.
178
Calculate the remainder when 52937 is divided by 5292.
17
Calculate the remainder when 19566 is divided by 845.
131
Calculate the remainder when 3098 is divided by 1024.
26
What is the remainder when 4350827 is divided by 74?
71
Calculate the remainder when 6799 is divided by 243.
238
Calculate the remainder when 280358 is divided by 17.
11
Calculate the remainder when 12834 is divided by 985.
29
Calculate the remainder when 4795 is divided by 39.
37
Calculate the remainder when 43814 is divided by 14.
8
Calculate the remainder when 16736 is divided by 4165.
76
Calculate the remainder when 344860 is divided by 147.
145
Calculate the remainder when 31180 is divided by 761.
740
Calculate the remainder when 199100 is divided by 431.
409
What is the remainder when 313172 is divided by 49?
13
Calculate the remainder when 11136 is divided by 37.
36
Calculate the remainder when 206009 is divided by 70.
69
Calculate the remainder when 96 is divided by 89.
7
What is the remainder when 150 is divided by 96?
54
Calculate the remainder when 24811 is divided by 2753.
34
Calculate the remainder when 31692 is divided by 228.
0
What is the remainder when 23889 is divided by 42?
33
Calculate the remainder when 101993 is divided by 178.
177
Calculate the remainder when 9540 is divided by 39.
24
Calculate the remainder when 68211 is divided by 6201.
0
What is the remainder when 19108 is divided by 138?
64
Calculate the remainder when 5757 is divided by 483.
444
What is the remainder when 1183 is divided by 85?
78
Calculate the remainder when 16120 is divided by 576.
568
What is the remainder when 68852 is divided by 2993?
13
Calculate the remainder when 12718 is divided by 1155.
13
Calculate the remainder when 448722 is divided by 271.
217
What is the remainder when 202013 is divided by 856?
853
Calculate the remainder when 60281 is divided by 874.
849
Calculate the remainder when 3899 is divided by 403.
272
What is the remainder when 497023 is divided by 45181?
32
What is the remainder when 11403 is divided by 254?
227
What is the remainder when 62866 is divided by 93?
91
Calculate the remainder when 10319 is divided by 10063.
256
Calculate the remainder when 697840 is divided by 31.
30
Calculate the remainder when 5540 is divided by 2648.
244
Calculate the remainder when 312 is divided by 27.
15
Calculate the remainder when 6246 is divided by 217.
170
Calculate the remainder when 75842 is divided by 25110.
512
What is the remainder when 1551 is divided by 626?
299
What is the remainder when 662228 is divided by 984?
980
Calculate the remainder when 68774 is divided by 41.
17
Calculate the remainder when 15909 is divided by 845.
699
What is the remainder when 4043 is divided by 4025?
18
Calculate the remainder when 2705583 is divided by 272.
271
Calculate the remainder when 755691 is divided by 35.
6
What is the remainder when 1461 is divided by 282?
51
What is the remainder when 33129 is divided by 502?
499
Calculate the remainder when 124053 is divided by 61994.
65
What is the remainder when 63761 is divided by 21243?
32
Calculate the remainder when 14855 is divided by 2116.
43
What is the remainder when 138258 is divided by 155?
153
Calculate the remainder when 481 is divided by 313.
168
Calculate the remainder when 12583 is divided by 248.
183
What is the remainder when 8710 is divided by 960?
70
What is the remainder when 158679 is divided by 522?
513
What is the remainder when 5010 is divided by 315?
285
What is the remainder when 13219 is divided by 4353?
160
Calculate the remainder when 4225 is divided by 44.
1
What is the remainder when 4740 is divided by 168?
36
What is the remainder when 9972 is divided by 1080?
252
What is the remainder when 290 is divided by 141?
8
Calculate the remainder when 1127 is divided by 432.
263
What is the remainder when 82702 is divided by 17?
14
What is the remainder when 30203 is divided by 57?
50
What is the remainder when 5758 is divided by 465?
178
Calculate the remainder when 3622 is divided by 400.
22
Calculate the remainder when 100962 is divided by 125.
87
Calculate the remainder when 5813 is divided by 30.
23
Calculate the remainder when 108446 is divided by 90.
86
Calculate the remainder when 35439 is divided by 35431.
8
Calculate the remainder when 1072 is divided by 25.
22
What is the remainder when 13996 is divided by 6996?
4
Calculate the remainder when 1421 is divided by 16.
13
Calculate the remainder when 273879 is divided by 7402.
5
What is the remainder when 28737 is divided by 737?
731
What is the remainder when 89215 is divided by 8?
7
What is the remainder when 104399 is divided by 785?
779
What is the remainder when 16228 is divided by 415?
43
Calculate the remainder when 34849 is divided by 564.
445
What is the remainder when 65704 is divided by 3?
1
Calculate the remainder when 25983 is divided by 772.
507
What is the remainder when 41927 is divided by 41903?
24
Calculate the remainder when 118169 is divided by 9.
8
What is the remainder when 59009 is divided by 4538?
15
What is the remainder when 245817 is divided by 668?
661
What is the remainder when 72 is divided by 12?
0
What is the remainder when 9139 is divided by 703?
0
What is the remainder when 51931 is divided by 24?
19
What is the remainder when 8489 is divided by 2085?
149
Calculate the remainder when 9188 is divided by 83.
58
Calculate the remainder when 335057 is divided by 23929.
51
Calculate the remainder when 389 is divided by 7.
4
What is the remainder when 28582 is divided by 292?
258
What is the remainder when 118258 is divided by 4926?
34
Calculate the remainder when 910356 is divided by 440.
436
What is the remainder when 641606 is divided by 44?
42
Calculate the remainder when 61517 is divided by 20501.
14
What is the remainder when 3285 is divided by 627?
150
What is the remainder when 6630 is divided by 5539?
1091
What is the remainder when 4040 is divided by 72?
8
Calculate the remainder when 34801 is divided by 48.
1
Calculate the remainder when 1453 is divided by 648.
157
What is the remainder when 13785 is divided by 361?
67
Calculate the remainder when 19066 is divided by 227.
225
What is the remainder when 13298 is divided by 19?
17
Calculate the remainder when 117754 is divided by 84.
70
Calculate the remainder when 30766 is divided by 831.
19
Calculate the remainder when 5643 is divided by 2672.
299
What is the remainder when 721979 is divided by 36?
35
Calculate the remainder when 66958 is divided by 1676.
1594
Calculate the remainder when 15385 is divided by 100.
85
What is the remainder when 53884 is divided by 17945?
49
What is the remainder when 639 is divided by 91?
2
What is the remainder when 106751 is divided by 16?
15
What is the remainder when 350414 is divided by 15?
14
What is the remainder when 65229 is divided by 1716?
21
Calculate the remainder when 104306 is divided by 18.
14
What is the remainder when 3240 is divided by 674?
544
Calculate the remainder when 1130 is divided by 44.
30
What is the remainder when 1251929 is divided by 23?
16
Calculate the remainder when 20094 is divided by 6695.
9
Calculate the remainder when 685 is divided by 134.
15
Calculate the remainder when 35726 is divided by 699.
77
What is the remainder when 102 is divided by 96?
6
Calculate the remainder when 1975 is divided by 609.
148
What is the remainder when 873 is divided by 315?
243
Calculate the remainder when 3234 is divided by 41.
36
What is the remainder when 160715 is divided by 5357?
5
What is the remainder when 39444 is divided by 9?
6
What is the remainder when 18667 is divided by 248?
67
What is the remainder when 3794 is divided by 1239?
77
What is the remainder when 1339 is divided by 55?
19
Calculate the remainder when 27630 is divided by 28.
22
What is the remainder when 1351921 is divided by 402?
397
What is the remainder when 348 is divided by 250?
98
Calculate the remainder when 362 is divided by 123.
116
Calculate the remainder when 472259 is divided by 30.
29
Calculate the remain